What is the highest common divisor of 44583 and 277620?
21
Calculate the greatest common divisor of 18881 and 6043421.
79
Calculate the greatest common factor of 14395331 and 38.
19
Calculate the highest common factor of 49240 and 4640.
40
What is the greatest common divisor of 89340 and 2320?
20
What is the highest common divisor of 1 and 37383947?
1
What is the highest common divisor of 3968 and 85746?
62
What is the highest common factor of 1177 and 50734585?
1177
Calculate the highest common factor of 55 and 382065.
5
Calculate the highest common factor of 185902779 and 787.
787
Calculate the greatest common divisor of 726276 and 12876.
348
Calculate the greatest common factor of 1369 and 734302.
37
Calculate the greatest common divisor of 118303 and 997543.
17
What is the highest common factor of 440111725 and 38?
19
What is the greatest common divisor of 592 and 31272752?
16
What is the highest common divisor of 48 and 390091128?
24
What is the highest common factor of 1750 and 9166000?
250
Calculate the highest common divisor of 239566181 and 151.
151
Calculate the highest common divisor of 166888 and 59361336.
7256
Calculate the highest common divisor of 1155 and 281160.
165
What is the highest common divisor of 850355 and 5135?
5
What is the greatest common divisor of 25523289 and 2970?
297
Calculate the highest common divisor of 1312 and 4696304.
656
What is the greatest common factor of 72648 and 55206?
18
Calculate the highest common factor of 75741896 and 152.
8
What is the highest common factor of 2519713 and 129269?
413
What is the greatest common divisor of 880 and 60514960?
880
Calculate the highest common factor of 1904954 and 21131.
113
What is the greatest common divisor of 7704 and 331144456?
856
What is the greatest common factor of 1003 and 66847?
59
Calculate the greatest common divisor of 117 and 2225061.
9
Calculate the highest common divisor of 2103755 and 3175.
635
What is the highest common divisor of 145818105 and 954?
159
What is the highest common factor of 161820 and 58590?
2790
What is the greatest common divisor of 375 and 8169825?
75
Calculate the greatest common divisor of 556 and 25757117.
139
Calculate the greatest common divisor of 53433708 and 696446.
14818
What is the highest common factor of 25548 and 728592?
12
Calculate the greatest common divisor of 56 and 545432216.
56
What is the highest common factor of 2882 and 1465223210?
2882
What is the highest common factor of 1700 and 17216525?
25
Calculate the greatest common divisor of 12342 and 167827.
121
Calculate the highest common factor of 31232 and 1129075840.
7808
What is the highest common divisor of 5168 and 56575312?
304
Calculate the greatest common divisor of 275943558 and 629.
629
Calculate the greatest common divisor of 39 and 18212883.
39
Calculate the greatest common factor of 247752 and 131688.
2232
What is the greatest common divisor of 93926 and 219926?
14
What is the highest common divisor of 1042772 and 3708?
412
Calculate the highest common divisor of 208773025 and 4100.
1025
What is the highest common divisor of 1181 and 647573006?
1181
What is the greatest common factor of 64 and 5345136?
16
Calculate the highest common divisor of 841 and 613089.
841
What is the highest common factor of 69 and 400448193?
69
What is the greatest common divisor of 8408724 and 1617388?
8468
Calculate the highest common divisor of 650434598 and 4136.
1034
What is the highest common divisor of 1070481 and 5909294?
1493
Calculate the greatest common divisor of 994670 and 26486.
34
Calculate the greatest common factor of 295724 and 17108.
2444
Calculate the greatest common divisor of 760981 and 65.
13
What is the greatest common factor of 85762 and 867758?
274
What is the greatest common divisor of 5680 and 864304?
16
Calculate the highest common divisor of 4096 and 11166272.
64
What is the greatest common factor of 5696 and 9024608?
32
What is the greatest common factor of 72629 and 541640?
1231
Calculate the highest common factor of 8784 and 320.
16
Calculate the greatest common factor of 1676 and 552664352.
1676
What is the highest common factor of 66066168 and 69496?
4088
Calculate the highest common factor of 309796776 and 27.
9
Calculate the highest common factor of 7213 and 1863557893.
7213
Calculate the greatest common factor of 11168 and 4482556.
1396
What is the highest common factor of 83853 and 59906?
77
What is the greatest common factor of 1698 and 734794218?
1698
What is the greatest common factor of 32 and 28974992?
16
What is the highest common factor of 36481336 and 17878?
2554
What is the greatest common factor of 2200 and 66307175?
275
Calculate the highest common divisor of 18718 and 5692946.
2674
Calculate the greatest common factor of 172749 and 41919.
267
What is the highest common divisor of 203045 and 155?
5
Calculate the highest common divisor of 71008 and 36736.
224
What is the greatest common divisor of 18512469 and 29?
29
What is the highest common factor of 512 and 5335440?
16
What is the greatest common divisor of 2288 and 705584?
176
Calculate the greatest common factor of 5860322 and 26.
26
Calculate the greatest common factor of 2494 and 1786306.
86
Calculate the highest common factor of 9 and 6084321237.
9
Calculate the greatest common factor of 219056604 and 9448.
4724
Calculate the greatest common factor of 600320 and 1055040.
2240
What is the highest common factor of 11 and 76747?
11
What is the greatest common divisor of 82716 and 139080?
732
What is the greatest common divisor of 38164 and 10671444?
1316
What is the highest common divisor of 5732 and 241873204?
5732
What is the highest common factor of 1692 and 278879670?
846
Calculate the greatest common divisor of 155450 and 51950.
50
Calculate the highest common divisor of 902957 and 9296.
83
What is the greatest common factor of 1164366 and 7794?
18
Calculate the highest common divisor of 202955292 and 168.
12
Calculate the highest common factor of 24325 and 10930265.
695
What is the highest common factor of 316 and 283964?
4
What is the highest common factor of 616 and 36063566?
154
Calculate the highest common divisor of 228899 and 16588.
11
Calculate the highest common divisor of 6336 and 52978904.
88
Calculate the greatest common factor of 202398 and 847.
7
Calculate the highest common factor of 27071582 and 1661.
151
What is the highest common divisor of 6824412 and 61404?
1428
Calculate the highest common divisor of 24 and 274961496.
24
Calculate the highest common factor of 1279916 and 75019.
1531
What is the greatest common divisor of 51 and 1380324?
3
What is the highest common factor of 79893240 and 160?
40
What is the greatest common factor of 306611516 and 8?
4
Calculate the greatest common factor of 9792 and 36228224.
1088
Calculate the greatest common divisor of 203717 and 183719.
101
What is the greatest common factor of 7536900 and 126525?
525
Calculate the greatest common factor of 1050532 and 18836.
68
Calculate the greatest common divisor of 2 and 1556059.
1
What is the greatest common divisor of 8 and 2984924?
4
Calculate the highest common divisor of 2296 and 812456.
328
Calculate the highest common factor of 9185424 and 22227.
93
What is the greatest common divisor of 534 and 36873946?
178
What is the greatest common factor of 7746728 and 33088?
4136
Calculate the greatest common factor of 230 and 254797450.
230
Calculate the greatest common factor of 24640 and 1854160.
6160
Calculate the greatest common divisor of 5217 and 40771560.
141
Calculate the greatest common factor of 59168 and 25885312.
1376
Calculate the greatest common divisor of 630 and 1613913.
21
Calculate the highest common divisor of 71525 and 32125.
25
What is the greatest common divisor of 4945 and 1564345?
115
What is the greatest common divisor of 5551826 and 9401?
119
Calculate the greatest common divisor of 3366 and 3848562.
306
What is the highest common factor of 3 and 56095365?
3
What is the highest common divisor of 16340715 and 1642635?
7785
What is the greatest common factor of 882086 and 11?
1
Calculate the greatest common divisor of 30378 and 348981.
183
Calculate the highest common divisor of 1212 and 34988.
4
Calculate the greatest common divisor of 